 (-8)/(-14)?
3
Let h(u) = u + 4. Let t be h(-8). Let m be (8 - 3)/(3 + t). What is the units digit of 62 + m/4 + (-1)/(-4)?
1
Let k(y) = 2*y**2 + 24*y - 9. Let w be k(-9). Let v = 68 + w. Suppose -395 = -11*c + 6*c - 5*q, v*c = -2*q + 410. What is the tens digit of c?
8
Suppose 88*j = 51*j + 19092. Let b be 1 - (1 - (2 - -2)). Suppose -b*z + 0*u - 5*u + 407 = 0, 5*z - j = u. What is the units digit of z?
3
Suppose -45 = -9*p - 9. Suppose 4505 = -0*j + 3*j - 5*k, 3*j = p*k + 4507. What is the thousands digit of j?
1
Suppose 5*c = -2*m + 1673, 0*c = -5*c + 15. Let u = m - 476. What is the hundreds digit of u?
3
Let t be 3 + 2*(3 - -346). Suppose 21323 = 98*f + 2213. Suppose 4*n = t + f. What is the hundreds digit of n?
2
Let y(c) = 2*c**2 - 6. Let w be y(2). Suppose -m = 3, 2*s - m = -w*s + 23. What is the units digit of -2 - (-3 - (s - 1))?
5
What is the units digit of (((-2072)/10)/((-12)/190))/(10/135)?
9
Let f = 21173 + -10569. What is the ten thousands digit of f?
1
Suppose -c - 546 = -106. Let x = -119 - c. Suppose 0*l - 2*l = 3*g - 125, -x = -5*l + g. What is the units digit of l?
4
Suppose 4 = o + 6. What is the tens digit of 32/o*(-2726)/376?
1
Suppose 26546 = 2*t - 5*y, 4*y + 39826 = -78*t + 81*t. What is the tens digit of t?
7
Let z = 43 - 38. Suppose -3*n = -z*l - 684, 3*n + 684 = 6*n - 3*l. What is the units digit of n?
8
Let z = 33903 - 25533. What is the units digit of z?
0
Suppose -19*p + 405362 = -5*r - 473939, -5*r + 46279 = p. What is the hundreds digit of p?
2
Suppose 952 = -4*l - 4*l. What is the tens digit of -2*(l + 1) - (-55 + 54)?
3
Suppose -2*h + 5*b = 2*h - 37, 0 = -h + 3*b + 18. Suppose -3*d - 21 = 3*i, h*i - d = -12 - 25. What is the tens digit of 1 + 35 - 22/i?
3
Suppose 0 = -4*u - 43 + 47. Suppose o + 2*b - 6 = 0, 3*o - b - 20 = 33. What is the tens digit of (4/u)/(o/312)?
7
What is the tens digit of ((-513640)/50 + 7)/((-2)/10)?
2
Let c(x) = -x - 11. Let h be c(-15). Suppose -2*n + h*n = 4*d - 2906, -4*d = -n - 2909. Suppose -4*j + d = 172. What is the units digit of j?
9
Let f(s) = 25*s**2 - 34*s - 2. Let q = 519 - 510. What is the units digit of f(q)?
7
Suppose 4*z - 6406 = -2*x, 4*x = -14*z + 16*z - 3188. What is the units digit of z?
0
Let k(b) = -b**3 + 3*b**2 + 3*b + 22618. What is the thousands digit of k(0)?
2
Let a be 6/(-15)*4*-290. Suppose 16 = -8*b + a. What is the tens digit of b?
5
Let q = 182048 + -101836. What is the ten thousands digit of q?
8
Suppose -2*n = m - 20, -4*n - 5*m + 54 = -10*m. Let k(p) = 127*p - 28. What is the thousands digit of k(n)?
1
What is the ten thousands digit of 19392 - -1 - (97 + -114)?
1
Suppose 12*k - 60 = -0. Suppose -9*w + 700 = -k*w. What is the units digit of w?
5
Suppose 254*n = 256*n - 6302. Suppose 15*l - n = 2369. What is the tens digit of l?
6
Let r = -36393 - -69863. What is the units digit of r?
0
Let m = 1095 - 147. Suppose -6*h + 2*h = -b + 305, -3*b = -h - m. What is the hundreds digit of b?
3
Suppose -6*h + 7*h = 3. What is the tens digit of 1 + 9/h - (1 + -55)?
5
Let w be (-1)/4 + 96831/28. Suppose -5*b + 5448 = -o, 3*b = -o - 186 + w. What is the thousands digit of b?
1
Suppose 33*r - 42*r = -7659. Let n = -113 + r. What is the tens digit of n?
3
Suppose -6*u + 3*u = -120. Let h = u - 38. Suppose -h*s = -86 - 40. What is the tens digit of s?
6
Let k = 6904 + 698. What is the hundreds digit of k?
6
Suppose -13*i + 6854 = -8*i - c, -4130 = -3*i + 5*c. Suppose -4*l = 2*m - 146 - i, 3*l = 5*m - 3738. What is the units digit of m?
0
Suppose -212*z + 423*z + 113295 = 218*z. What is the thousands digit of z?
6
Let u = -8462 - -39032. What is the ten thousands digit of u?
3
What is the tens digit of 12/2*(-234208)/(-312)?
0
Let o(m) = 429*m**2 + 47*m - 19. What is the hundreds digit of o(4)?
0
What is the thousands digit of (-315)/(21/350*2/(-3))?
7
Let i be ((-1253)/537)/((-7)/51). Let v(h) = 2*h**2 + 9*h + 4. Let t be v(-7). Let s = t + i. What is the tens digit of s?
5
Suppose -22*l = 59*l - 544077. What is the hundreds digit of l?
7
Suppose 4*p - 43*v + 41*v = 26442, 0 = 3*p - 4*v - 19834. What is the thousands digit of p?
6
Let g = -53 + 55. Let n be 4558/583 - g*(-2)/22. What is the units digit of (-7 + n)/(1/47)?
7
Let d(l) = l - 3. Let m be d(6). Suppose 3*c + 5*v - 235 = -59, -5*c + m*v + 248 = 0. Let p = 78 - c. What is the units digit of p?
6
Let w(v) = -v**3 - 4*v**2 - 6*v - 9. Let g be w(-4). Let q(o) = 5 + 3 - 6 + g*o - 4. What is the tens digit of q(7)?
0
Let f = -11 - -24. Suppose m + f = 2*y + 4*m, y - 7 = -2*m. What is the hundreds digit of (y/4)/(4/352)?
1
Let r(q) = -5*q**3 + 19*q**2 - 42*q + 9. What is the ten thousands digit of r(-13)?
1
Let q(y) be the first derivative of -849*y**2/2 - 5*y - 218. What is the hundreds digit of q(-1)?
8
Suppose 0 = 2*s - 2*n - 1976, 7*s = -4*n + 8796 - 1836. What is the tens digit of s?
9
Suppose 0*l = -5*l. Let g = -731 - -786. What is the tens digit of (-3 - l - -3) + g?
5
Suppose -5*y - 22309 = -3*s, s = 4*y + 7324 + 124. What is the units digit of s?
8
Suppose -3*k = -4*u + 136669, -3*u - 4*k + 62876 = -39657. What is the units digit of u?
1
Let q(x) = -3*x - 33. Let w be q(-13). Suppose -5*r - w = -8*r. What is the tens digit of ((-5)/(75/(-170)))/(r/3)?
1
Suppose -4*i + 2*w + 4 - 2 = 0, 4*w = -5*i - 30. What is the tens digit of (150/(-175))/(i - 2322/(-1162))?
9
Suppose -30 = p - 5*g - 10, 2*p - 3*g + 12 = 0. What is the tens digit of (-7)/(28/(-856)) + 3 + p?
1
What is the thousands digit of ((-5937)/(-6) + 7)*2?
1
Let l(o) = -o**3 + 4*o**2 + 5. Let v be l(4). Suppose -2*u + 80 = j - 4*u, v*j - 372 = -4*u. Let y = 155 - j. What is the tens digit of y?
7
Suppose 3*z = -2*b, 3*z = -0*b + b. Let u = 5 - z. Suppose 3*w - 2*n - 313 = -6*n, 4*w - 416 = -u*n. What is the units digit of w?
9
Let t be (-18 + 15)/((-3)/27). Suppose -22*f + t*f + 4*w = 431, f - 3*w - 90 = 0. What is the tens digit of f?
8
Let g(h) = -4*h + 5*h + 4*h - 12 - 4*h. Let l be g(8). Let m = 23 + l. What is the tens digit of m?
1
Let i(f) = -3*f + f**3 + 6 + f - 6*f + 6*f**2 + f**2. Let n be i(-7). Let b = -20 + n. What is the tens digit of b?
4
Suppose 0 = 2*o + v - 48170, 5*v - 77159 = -4*o + 19157. What is the tens digit of o?
8
Let u be (-906)/(-8) + (-36)/(-48). Let s = u + 35. What is the hundreds digit of s?
1
Let c = -2170 + 8428. What is the units digit of c?
8
Let n be (-22)/(((-5)/(15/6))/4). Suppose -57782 + 16378 = -n*m. What is the hundreds digit of m?
9
Suppose 2*a = -0*a. Suppose -4*y + 8*y + 4 = a. What is the units digit of 99/4 + y/(-4)?
5
Suppose -4*n - q = -39998, -6*n + 10*q + 59984 = 5*q. What is the units digit of n?
9
Suppose 156*b = -25*b + 155472 + 1619414. What is the tens digit of b?
0
What is the tens digit of ((-475506)/(-72))/(2/8) - (3 - 2)?
1
Let n be 2/8 + (-19)/76. Let x be -512 + 0/(-1) + n. Let c = -305 - x. What is the hundreds digit of c?
2
Let t be (-3076)/(-2) + (7 - 6)*-5. Let n = -1076 + t. What is the tens digit of n?
5
Let r(l) = -l**2 + 10*l - 9. Let o(y) = -2*y**2 + 21*y - 17. Let x(i) = -2*o(i) + 5*r(i). Let f be x(4). Suppose -3*d - 66 = -f*d. What is the tens digit of d?
3
Let w be ((-153 - -2) + 2)*-1. Let d = 172 + w. What is the tens digit of d?
2
Let y = 16972 + 3244. What is the ten thousands digit of y?
2
Let n(t) = 62*t - 16*t - 90 + 244. What is the hundreds digit of n(14)?
7
Let l = 10 - 18. Let p(z) be the first derivative of 4*z**3/3 + 3*z**2 - 4*z + 284. What is the hundreds digit of p(l)?
2
Let w(y) = -y**3 + 20*y**2 - 39*y + 33. Let o be w(18). Let x = 161 + o. What is the units digit of x?
0
Let o = 322 + 2338. What is the tens digit of o?
6
Suppose 6*w - 73335 - 78075 = -9*w. What is the units digit of w?
4
Let t(m) = m - 1. Let y(s) = -9*s + 22. Let w(f) = -6*t(f) - y(f). Let j be w(-22). Let a = j - -199. What is the hundreds digit of a?
1
Let c = 24932 + -4769. Suppose -22*z = -11*z - c. What is the tens digit of z?
3
Let k be 244*30/12*(-3)/5. Let b = k - -484. What is the hundreds digit of b?
1
Let m(d) = -147*d + 822. What is the thousands digit of m(-25)?
4
Let n be (-1*27)/((-21)/14). Suppose w = 3*x - 3747, 3*x = -n*w + 21*w + 3747. What is the hundreds digit of x?
2
Let a = 61 + -57. Suppose -2 = b + 2*w - 7, -a*w - 15 = -3*b. Let h(z) = 12*z - 19. What i